{"id":950,"date":"2020-10-09T21:08:57","date_gmt":"2020-10-09T21:08:57","guid":{"rendered":"https:\/\/humanitasinfo.com\/spanish\/?page_id=950"},"modified":"2020-12-22T17:39:04","modified_gmt":"2020-12-22T17:39:04","slug":"impressum","status":"publish","type":"page","link":"https:\/\/humanitasinfo.com\/spanish\/impressum\/","title":{"rendered":"Impressum"},"content":{"rendered":"\t\t<div data-elementor-type=\"wp-page\" data-elementor-id=\"950\" class=\"elementor elementor-950\">\n\t\t\t\t\t\t<section class=\"has_eae_slider elementor-section elementor-top-section elementor-element elementor-element-1f7ae45 elementor-section-height-min-height elementor-section-full_width elementor-section-items-bottom elementor-section-height-default elementor-invisible\" data-eae-slider=\"73431\" data-id=\"1f7ae45\" data-element_type=\"section\" data-settings=\"{&quot;background_background&quot;:&quot;classic&quot;,&quot;animation&quot;:&quot;fadeIn&quot;}\">\n\t\t\t\t\t\t\t<div class=\"elementor-background-overlay\"><\/div>\n\t\t\t\t\t\t\t<div class=\"elementor-container elementor-column-gap-default\">\n\t\t\t\t\t<div class=\"has_eae_slider elementor-column elementor-col-33 elementor-top-column elementor-element elementor-element-3c09c50\" data-eae-slider=\"16376\" data-id=\"3c09c50\" data-element_type=\"column\">\n\t\t\t<div class=\"elementor-widget-wrap\">\n\t\t\t\t\t\t\t<\/div>\n\t\t<\/div>\n\t\t\t\t<div class=\"has_eae_slider elementor-column elementor-col-33 elementor-top-column elementor-element elementor-element-4d185c4 elementor-hidden-desktop elementor-hidden-tablet\" data-eae-slider=\"81442\" data-id=\"4d185c4\" data-element_type=\"column\">\n\t\t\t<div class=\"elementor-widget-wrap\">\n\t\t\t\t\t\t\t<\/div>\n\t\t<\/div>\n\t\t\t\t<div class=\"has_eae_slider elementor-column elementor-col-33 elementor-top-column elementor-element elementor-element-9bd3959\" data-eae-slider=\"75079\" data-id=\"9bd3959\" data-element_type=\"column\">\n\t\t\t<div class=\"elementor-widget-wrap\">\n\t\t\t\t\t\t\t<\/div>\n\t\t<\/div>\n\t\t\t\t\t<\/div>\n\t\t<\/section>\n\t\t\t\t<section class=\"has_eae_slider elementor-section elementor-top-section elementor-element elementor-element-b9959f8 elementor-section-stretched elementor-section-full_width elementor-section-height-min-height elementor-section-height-default elementor-section-items-middle\" data-eae-slider=\"99063\" data-id=\"b9959f8\" data-element_type=\"section\" data-settings=\"{&quot;stretch_section&quot;:&quot;section-stretched&quot;,&quot;background_background&quot;:&quot;classic&quot;}\">\n\t\t\t\t\t\t<div class=\"elementor-container elementor-column-gap-default\">\n\t\t\t\t\t<div class=\"has_eae_slider elementor-column elementor-col-100 elementor-top-column elementor-element elementor-element-91f0623\" data-eae-slider=\"72440\" data-id=\"91f0623\" data-element_type=\"column\">\n\t\t\t<div class=\"elementor-widget-wrap elementor-element-populated\">\n\t\t\t\t\t\t<div class=\"elementor-element elementor-element-0ffc410 elementor-widget elementor-widget-heading\" data-id=\"0ffc410\" data-element_type=\"widget\" data-widget_type=\"heading.default\">\n\t\t\t\t<div class=\"elementor-widget-container\">\n\t\t\t\t\t<h2 class=\"elementor-heading-title elementor-size-default\">Impressum\u200b<\/h2>\t\t\t\t<\/div>\n\t\t\t\t<\/div>\n\t\t\t\t\t<\/div>\n\t\t<\/div>\n\t\t\t\t\t<\/div>\n\t\t<\/section>\n\t\t\t\t<section class=\"has_eae_slider elementor-section elementor-top-section elementor-element elementor-element-98fc4da elementor-section-full_width elementor-section-height-min-height elementor-section-height-default elementor-section-items-middle\" data-eae-slider=\"76073\" data-id=\"98fc4da\" data-element_type=\"section\" data-settings=\"{&quot;background_background&quot;:&quot;classic&quot;}\">\n\t\t\t\t\t\t<div class=\"elementor-container elementor-column-gap-default\">\n\t\t\t\t\t<div class=\"has_eae_slider elementor-column elementor-col-16 elementor-top-column elementor-element elementor-element-7c1b520\" data-eae-slider=\"65960\" data-id=\"7c1b520\" data-element_type=\"column\">\n\t\t\t<div class=\"elementor-widget-wrap\">\n\t\t\t\t\t\t\t<\/div>\n\t\t<\/div>\n\t\t\t\t<div class=\"has_eae_slider elementor-column elementor-col-66 elementor-top-column elementor-element elementor-element-fc20e02\" data-eae-slider=\"39302\" data-id=\"fc20e02\" data-element_type=\"column\">\n\t\t\t<div class=\"elementor-widget-wrap elementor-element-populated\">\n\t\t\t\t\t\t<div class=\"elementor-element elementor-element-84f191c elementor-widget elementor-widget-spacer\" data-id=\"84f191c\" data-element_type=\"widget\" data-widget_type=\"spacer.default\">\n\t\t\t\t<div class=\"elementor-widget-container\">\n\t\t\t\t\t\t\t<div class=\"elementor-spacer\">\n\t\t\t<div class=\"elementor-spacer-inner\"><\/div>\n\t\t<\/div>\n\t\t\t\t\t\t<\/div>\n\t\t\t\t<\/div>\n\t\t\t\t<section class=\"has_eae_slider elementor-section elementor-inner-section elementor-element elementor-element-101cc43 elementor-section-boxed elementor-section-height-default elementor-section-height-default\" data-eae-slider=\"10832\" data-id=\"101cc43\" data-element_type=\"section\">\n\t\t\t\t\t\t<div class=\"elementor-container elementor-column-gap-default\">\n\t\t\t\t\t<div class=\"has_eae_slider elementor-column elementor-col-33 elementor-inner-column elementor-element elementor-element-c259c8d\" data-eae-slider=\"78065\" data-id=\"c259c8d\" data-element_type=\"column\">\n\t\t\t<div class=\"elementor-widget-wrap\">\n\t\t\t\t\t\t\t<\/div>\n\t\t<\/div>\n\t\t\t\t<div class=\"has_eae_slider elementor-column elementor-col-33 elementor-inner-column elementor-element elementor-element-8b80275\" data-eae-slider=\"31387\" data-id=\"8b80275\" data-element_type=\"column\">\n\t\t\t<div class=\"elementor-widget-wrap elementor-element-populated\">\n\t\t\t\t\t\t<div class=\"elementor-element elementor-element-40108a8 elementor-widget elementor-widget-text-editor\" data-id=\"40108a8\" data-element_type=\"widget\" data-widget_type=\"text-editor.default\">\n\t\t\t\t<div class=\"elementor-widget-container\">\n\t\t\t\t\t\t\t\t\t<h2 class=\"MsoNormal\" style=\"text-align: left\"><span lang=\"ES-VE\">Informaci\u00f3n seg\u00fan \u00a7 5 Telemediengesetz (TMG), Editor.<\/span><\/h2><p class=\"MsoNormal\" style=\"text-align: left\">Humanita\u2019s Foundation e.V.<\/p><p class=\"MsoNormal\" style=\"text-align: left\">Organizaci\u00f3n de ayuda alemana<\/p><h2 style=\"text-align: left\">1. Direcci\u00f3n<\/h2><p style=\"text-align: left\">De Veuster Strasse 10,<\/p><p style=\"text-align: left\">47906, Kempen, Alemania<\/p><p style=\"text-align: left\">Tel\u00e9fono: +49 (0) 2152-9946667<\/p><p style=\"text-align: left\">Correo electr\u00f3nico: info@humanitasinfo.com<\/p><h2 style=\"text-align: left\">2. Junta Directiva autorizada para representar<\/h2><p style=\"text-align: left\">Ignacio Brice\u00f1o Alarc\u00f3n (Presidente)<\/p><p style=\"text-align: left\">Violeta Artus (Vicepresidenta)<\/p><p style=\"text-align: left\">Frank Wentz (Tesorero)<\/p><h2 style=\"text-align: left\"><strong>3. Registro de la Organizaci\u00f3n<\/strong><\/h2><p style=\"text-align: left\">Tribunal de registro: Tribunal de distrito de Krefeld, Alemania<\/p><p style=\"text-align: left\">N\u00famero de registro: VR 4768 en Krefeld<\/p><p style=\"text-align: left\">N\u00famero de identificaci\u00f3n del IVA<\/p><p style=\"text-align: left\">CIF: DE 115\/5758\/1106<\/p><p style=\"text-align: left\">Sucursal en Venezuela<\/p><p style=\"text-align: left\">Fundaci\u00f3n Humanita\u2019s<\/p><p style=\"text-align: left\">Rif- J-40445852-2<\/p><p style=\"text-align: left\">Av. 8 Paredes, entre calles 23 y 24<\/p><p style=\"text-align: left\">5101, M\u00e9rida, Venezuela<\/p><p style=\"text-align: left\">Tel\u00e9fono: +58 (274) 2631485<\/p><p style=\"text-align: left\">Correo electr\u00f3nico: <a href=\"mailto:humanitasinfos@gmail.com\">humanitasinfos@gmail.com<\/a><\/p><h2 style=\"text-align: left\"><strong>4. Soluci\u00f3n de controversias<\/strong><\/h2><p style=\"text-align: left\">No estamos dispuestos u obligados a participar en los procedimientos de resoluci\u00f3n de disputas ante una junta de arbitraje de consumidores.<\/p><h2 style=\"text-align: left\"><strong>5. Derechos de autor<\/strong><\/h2><p style=\"text-align: left\">El contenido y los trabajos en estas p\u00e1ginas creados por el operador del sitio est\u00e1n sujetos a la ley de derechos de autor alemana. La duplicaci\u00f3n, edici\u00f3n, distribuci\u00f3n y cualquier tipo de uso fuera de los l\u00edmites de la ley de derechos de autor requieren el consentimiento por escrito del autor o creador respectivo. Las descargas y copias de esta p\u00e1gina solo est\u00e1n permitidas para uso privado y no comercial.<\/p><p style=\"text-align: left\">Siempre que el contenido de esta p\u00e1gina no haya sido creado por el operador, se respetan los derechos de autor de terceros. En particular, los contenidos de terceros est\u00e1n marcados como tales. Sin embargo, si se entera de una infracci\u00f3n de derechos de autor, inf\u00f3rmenos. Tan pronto como tengamos conocimiento de violaciones legales, eliminaremos dicho contenido de inmediato.<\/p><h2 style=\"text-align: left\"><strong>6. Notificaci\u00f3n de responsabilidad<\/strong><\/h2><p style=\"text-align: left\">Responsabilidad por el contenido<\/p><p style=\"text-align: left\">Como proveedor de servicios, somos responsables de nuestro propio contenido en estas p\u00e1ginas de acuerdo con las leyes generales de conformidad con la Secci\u00f3n 7 (1) TMG. Seg\u00fan \u00a7\u00a7 8 a 10 TMG, como proveedor de servicios, Humanita\u2019s Foundation e.V., no estamos obligados a controlar la informaci\u00f3n de terceros transmitida o almacenada ni a investigar circunstancias que indiquen actividad ilegal. Las obligaciones de eliminar o bloquear el uso de la informaci\u00f3n de acuerdo con las leyes generales no se ver\u00e1n afectadas. Sin embargo, la responsabilidad a este respecto solo es posible desde el momento en que nos damos cuenta de una violaci\u00f3n legal espec\u00edfica. Tan pronto como nos demos cuenta de tales violaciones, eliminaremos este contenido de inmediato.<\/p><p style=\"text-align: left\">Responsabilidad por enlaces<\/p><p style=\"text-align: left\">Nuestra oferta contiene enlaces a sitios web externos de terceros, en cuyo contenido no tenemos influencia. Por lo tanto, no podemos aceptar ninguna responsabilidad por este contenido de terceros. El proveedor u operador respectivo de las p\u00e1ginas siempre es responsable del contenido de las p\u00e1ginas enlazadas. Las p\u00e1ginas vinculadas se verificaron por posibles violaciones legales en el momento en que se cre\u00f3 el enlace. Ning\u00fan contenido ilegal era discernible en el momento en que se cre\u00f3 el enlace. Un control permanente del contenido de las p\u00e1ginas enlazadas no es razonable sin evidencia concreta de una infracci\u00f3n. Tan pronto como tengamos conocimiento de infracciones legales, eliminaremos dichos enlaces de inmediato.<\/p><p style=\"text-align: left\">\u00a0<\/p>\t\t\t\t\t\t\t\t<\/div>\n\t\t\t\t<\/div>\n\t\t\t\t\t<\/div>\n\t\t<\/div>\n\t\t\t\t<div class=\"has_eae_slider elementor-column elementor-col-33 elementor-inner-column elementor-element elementor-element-8a6e6ec\" data-eae-slider=\"86582\" data-id=\"8a6e6ec\" data-element_type=\"column\">\n\t\t\t<div class=\"elementor-widget-wrap\">\n\t\t\t\t\t\t\t<\/div>\n\t\t<\/div>\n\t\t\t\t\t<\/div>\n\t\t<\/section>\n\t\t\t\t<div class=\"elementor-element elementor-element-0844a47 elementor-widget elementor-widget-spacer\" data-id=\"0844a47\" data-element_type=\"widget\" data-widget_type=\"spacer.default\">\n\t\t\t\t<div class=\"elementor-widget-container\">\n\t\t\t\t\t\t\t<div class=\"elementor-spacer\">\n\t\t\t<div class=\"elementor-spacer-inner\"><\/div>\n\t\t<\/div>\n\t\t\t\t\t\t<\/div>\n\t\t\t\t<\/div>\n\t\t\t\t<div class=\"elementor-element elementor-element-1f726d7 elementor-widget elementor-widget-spacer\" data-id=\"1f726d7\" data-element_type=\"widget\" data-widget_type=\"spacer.default\">\n\t\t\t\t<div class=\"elementor-widget-container\">\n\t\t\t\t\t\t\t<div class=\"elementor-spacer\">\n\t\t\t<div class=\"elementor-spacer-inner\"><\/div>\n\t\t<\/div>\n\t\t\t\t\t\t<\/div>\n\t\t\t\t<\/div>\n\t\t\t\t\t<\/div>\n\t\t<\/div>\n\t\t\t\t<div class=\"has_eae_slider elementor-column elementor-col-16 elementor-top-column elementor-element elementor-element-e1930ce\" data-eae-slider=\"27539\" data-id=\"e1930ce\" data-element_type=\"column\">\n\t\t\t<div class=\"elementor-widget-wrap\">\n\t\t\t\t\t\t\t<\/div>\n\t\t<\/div>\n\t\t\t\t\t<\/div>\n\t\t<\/section>\n\t\t\t\t<\/div>\n\t\t","protected":false},"excerpt":{"rendered":"<p>Impressum\u200b Informaci\u00f3n seg\u00fan \u00a7 5 Telemediengesetz (TMG), Editor. Humanita\u2019s Foundation e.V. Organizaci\u00f3n de ayuda alemana 1. Direcci\u00f3n De Veuster Strasse 10, 47906, Kempen, Alemania Tel\u00e9fono: +49 (0) 2152-9946667 Correo electr\u00f3nico: info@humanitasinfo.com 2. Junta Directiva autorizada para representar Ignacio Brice\u00f1o Alarc\u00f3n (Presidente) Violeta Artus (Vicepresidenta) Frank Wentz (Tesorero) 3. Registro de la Organizaci\u00f3n Tribunal de registro: [&hellip;]<\/p>\n","protected":false},"author":1,"featured_media":0,"parent":0,"menu_order":0,"comment_status":"closed","ping_status":"closed","template":"elementor_header_footer","meta":{"ocean_post_layout":"","ocean_both_sidebars_style":"","ocean_both_sidebars_content_width":0,"ocean_both_sidebars_sidebars_width":0,"ocean_sidebar":"0","ocean_second_sidebar":"0","ocean_disable_margins":"enable","ocean_add_body_class":"","ocean_shortcode_before_top_bar":"","ocean_shortcode_after_top_bar":"","ocean_shortcode_before_header":"","ocean_shortcode_after_header":"","ocean_has_shortcode":"","ocean_shortcode_after_title":"","ocean_shortcode_before_footer_widgets":"","ocean_shortcode_after_footer_widgets":"","ocean_shortcode_before_footer_bottom":"","ocean_shortcode_after_footer_bottom":"","ocean_display_top_bar":"default","ocean_display_header":"default","ocean_header_style":"","ocean_center_header_left_menu":"0","ocean_custom_header_template":"0","ocean_custom_logo":0,"ocean_custom_retina_logo":0,"ocean_custom_logo_max_width":0,"ocean_custom_logo_tablet_max_width":0,"ocean_custom_logo_mobile_max_width":0,"ocean_custom_logo_max_height":0,"ocean_custom_logo_tablet_max_height":0,"ocean_custom_logo_mobile_max_height":0,"ocean_header_custom_menu":"0","ocean_menu_typo_font_family":"0","ocean_menu_typo_font_subset":"","ocean_menu_typo_font_size":0,"ocean_menu_typo_font_size_tablet":0,"ocean_menu_typo_font_size_mobile":0,"ocean_menu_typo_font_size_unit":"px","ocean_menu_typo_font_weight":"","ocean_menu_typo_font_weight_tablet":"","ocean_menu_typo_font_weight_mobile":"","ocean_menu_typo_transform":"","ocean_menu_typo_transform_tablet":"","ocean_menu_typo_transform_mobile":"","ocean_menu_typo_line_height":0,"ocean_menu_typo_line_height_tablet":0,"ocean_menu_typo_line_height_mobile":0,"ocean_menu_typo_line_height_unit":"","ocean_menu_typo_spacing":0,"ocean_menu_typo_spacing_tablet":0,"ocean_menu_typo_spacing_mobile":0,"ocean_menu_typo_spacing_unit":"","ocean_menu_link_color":"","ocean_menu_link_color_hover":"","ocean_menu_link_color_active":"","ocean_menu_link_background":"","ocean_menu_link_hover_background":"","ocean_menu_link_active_background":"","ocean_menu_social_links_bg":"","ocean_menu_social_hover_links_bg":"","ocean_menu_social_links_color":"","ocean_menu_social_hover_links_color":"","ocean_disable_title":"on","ocean_disable_heading":"default","ocean_post_title":"","ocean_post_subheading":"","ocean_post_title_style":"","ocean_post_title_background_color":"","ocean_post_title_background":0,"ocean_post_title_bg_image_position":"","ocean_post_title_bg_image_attachment":"","ocean_post_title_bg_image_repeat":"","ocean_post_title_bg_image_size":"","ocean_post_title_height":0,"ocean_post_title_bg_overlay":0.5,"ocean_post_title_bg_overlay_color":"","ocean_disable_breadcrumbs":"default","ocean_breadcrumbs_color":"","ocean_breadcrumbs_separator_color":"","ocean_breadcrumbs_links_color":"","ocean_breadcrumbs_links_hover_color":"","ocean_display_footer_widgets":"default","ocean_display_footer_bottom":"default","ocean_custom_footer_template":"0","footnotes":""},"class_list":["post-950","page","type-page","status-publish","hentry","entry"],"yoast_head":"<!-- This site is optimized with the Yoast SEO plugin v26.3 - https:\/\/yoast.com\/wordpress\/plugins\/seo\/ -->\n<title>Impressum - Humanita&#039;s Foundation e.V. Espa\u00f1ol<\/title>\n<meta name=\"robots\" content=\"index, follow, max-snippet:-1, max-image-preview:large, max-video-preview:-1\" \/>\n<link rel=\"canonical\" href=\"https:\/\/humanitasinfo.com\/spanish\/impressum\/\" \/>\n<meta property=\"og:locale\" content=\"es_ES\" \/>\n<meta property=\"og:type\" content=\"article\" \/>\n<meta property=\"og:title\" content=\"Impressum - Humanita&#039;s Foundation e.V. Espa\u00f1ol\" \/>\n<meta property=\"og:description\" content=\"Impressum\u200b Informaci\u00f3n seg\u00fan \u00a7 5 Telemediengesetz (TMG), Editor. Humanita\u2019s Foundation e.V. Organizaci\u00f3n de ayuda alemana 1. Direcci\u00f3n De Veuster Strasse 10, 47906, Kempen, Alemania Tel\u00e9fono: +49 (0) 2152-9946667 Correo electr\u00f3nico: info@humanitasinfo.com 2. Junta Directiva autorizada para representar Ignacio Brice\u00f1o Alarc\u00f3n (Presidente) Violeta Artus (Vicepresidenta) Frank Wentz (Tesorero) 3. Registro de la Organizaci\u00f3n Tribunal de registro: [&hellip;]\" \/>\n<meta property=\"og:url\" content=\"https:\/\/humanitasinfo.com\/spanish\/impressum\/\" \/>\n<meta property=\"og:site_name\" content=\"Humanita&#039;s Foundation e.V. Espa\u00f1ol\" \/>\n<meta property=\"article:modified_time\" content=\"2020-12-22T17:39:04+00:00\" \/>\n<meta name=\"twitter:card\" content=\"summary_large_image\" \/>\n<meta name=\"twitter:label1\" content=\"Tiempo de lectura\" \/>\n\t<meta name=\"twitter:data1\" content=\"3 minutos\" \/>\n<script type=\"application\/ld+json\" class=\"yoast-schema-graph\">{\"@context\":\"https:\/\/schema.org\",\"@graph\":[{\"@type\":\"WebPage\",\"@id\":\"https:\/\/humanitasinfo.com\/spanish\/impressum\/\",\"url\":\"https:\/\/humanitasinfo.com\/spanish\/impressum\/\",\"name\":\"Impressum - Humanita&#039;s Foundation e.V. Espa\u00f1ol\",\"isPartOf\":{\"@id\":\"https:\/\/humanitasinfo.com\/spanish\/#website\"},\"datePublished\":\"2020-10-09T21:08:57+00:00\",\"dateModified\":\"2020-12-22T17:39:04+00:00\",\"breadcrumb\":{\"@id\":\"https:\/\/humanitasinfo.com\/spanish\/impressum\/#breadcrumb\"},\"inLanguage\":\"es\",\"potentialAction\":[{\"@type\":\"ReadAction\",\"target\":[\"https:\/\/humanitasinfo.com\/spanish\/impressum\/\"]}]},{\"@type\":\"BreadcrumbList\",\"@id\":\"https:\/\/humanitasinfo.com\/spanish\/impressum\/#breadcrumb\",\"itemListElement\":[{\"@type\":\"ListItem\",\"position\":1,\"name\":\"Home\",\"item\":\"https:\/\/humanitasinfo.com\/spanish\/\"},{\"@type\":\"ListItem\",\"position\":2,\"name\":\"Impressum\"}]},{\"@type\":\"WebSite\",\"@id\":\"https:\/\/humanitasinfo.com\/spanish\/#website\",\"url\":\"https:\/\/humanitasinfo.com\/spanish\/\",\"name\":\"Humanita&#039;s Foundation e.V. Espa\u00f1ol\",\"description\":\"Organizaci\u00f3n de Ayuda Alemana\",\"publisher\":{\"@id\":\"https:\/\/humanitasinfo.com\/spanish\/#organization\"},\"potentialAction\":[{\"@type\":\"SearchAction\",\"target\":{\"@type\":\"EntryPoint\",\"urlTemplate\":\"https:\/\/humanitasinfo.com\/spanish\/?s={search_term_string}\"},\"query-input\":{\"@type\":\"PropertyValueSpecification\",\"valueRequired\":true,\"valueName\":\"search_term_string\"}}],\"inLanguage\":\"es\"},{\"@type\":\"Organization\",\"@id\":\"https:\/\/humanitasinfo.com\/spanish\/#organization\",\"name\":\"Humanita&#039;s Foundation e.V. Espa\u00f1ol\",\"url\":\"https:\/\/humanitasinfo.com\/spanish\/\",\"logo\":{\"@type\":\"ImageObject\",\"inLanguage\":\"es\",\"@id\":\"https:\/\/humanitasinfo.com\/spanish\/#\/schema\/logo\/image\/\",\"url\":\"https:\/\/humanitasinfo.com\/spanish\/wp-content\/uploads\/sites\/4\/2020\/12\/logo-slogan-espanol-C.png\",\"contentUrl\":\"https:\/\/humanitasinfo.com\/spanish\/wp-content\/uploads\/sites\/4\/2020\/12\/logo-slogan-espanol-C.png\",\"width\":1340,\"height\":335,\"caption\":\"Humanita&#039;s  Foundation e.V. Espa\u00f1ol\"},\"image\":{\"@id\":\"https:\/\/humanitasinfo.com\/spanish\/#\/schema\/logo\/image\/\"}}]}<\/script>\n<!-- \/ Yoast SEO plugin. -->","yoast_head_json":{"title":"Impressum - Humanita&#039;s Foundation e.V. Espa\u00f1ol","robots":{"index":"index","follow":"follow","max-snippet":"max-snippet:-1","max-image-preview":"max-image-preview:large","max-video-preview":"max-video-preview:-1"},"canonical":"https:\/\/humanitasinfo.com\/spanish\/impressum\/","og_locale":"es_ES","og_type":"article","og_title":"Impressum - Humanita&#039;s Foundation e.V. Espa\u00f1ol","og_description":"Impressum\u200b Informaci\u00f3n seg\u00fan \u00a7 5 Telemediengesetz (TMG), Editor. Humanita\u2019s Foundation e.V. Organizaci\u00f3n de ayuda alemana 1. Direcci\u00f3n De Veuster Strasse 10, 47906, Kempen, Alemania Tel\u00e9fono: +49 (0) 2152-9946667 Correo electr\u00f3nico: info@humanitasinfo.com 2. Junta Directiva autorizada para representar Ignacio Brice\u00f1o Alarc\u00f3n (Presidente) Violeta Artus (Vicepresidenta) Frank Wentz (Tesorero) 3. Registro de la Organizaci\u00f3n Tribunal de registro: [&hellip;]","og_url":"https:\/\/humanitasinfo.com\/spanish\/impressum\/","og_site_name":"Humanita&#039;s Foundation e.V. Espa\u00f1ol","article_modified_time":"2020-12-22T17:39:04+00:00","twitter_card":"summary_large_image","twitter_misc":{"Tiempo de lectura":"3 minutos"},"schema":{"@context":"https:\/\/schema.org","@graph":[{"@type":"WebPage","@id":"https:\/\/humanitasinfo.com\/spanish\/impressum\/","url":"https:\/\/humanitasinfo.com\/spanish\/impressum\/","name":"Impressum - Humanita&#039;s Foundation e.V. Espa\u00f1ol","isPartOf":{"@id":"https:\/\/humanitasinfo.com\/spanish\/#website"},"datePublished":"2020-10-09T21:08:57+00:00","dateModified":"2020-12-22T17:39:04+00:00","breadcrumb":{"@id":"https:\/\/humanitasinfo.com\/spanish\/impressum\/#breadcrumb"},"inLanguage":"es","potentialAction":[{"@type":"ReadAction","target":["https:\/\/humanitasinfo.com\/spanish\/impressum\/"]}]},{"@type":"BreadcrumbList","@id":"https:\/\/humanitasinfo.com\/spanish\/impressum\/#breadcrumb","itemListElement":[{"@type":"ListItem","position":1,"name":"Home","item":"https:\/\/humanitasinfo.com\/spanish\/"},{"@type":"ListItem","position":2,"name":"Impressum"}]},{"@type":"WebSite","@id":"https:\/\/humanitasinfo.com\/spanish\/#website","url":"https:\/\/humanitasinfo.com\/spanish\/","name":"Humanita&#039;s Foundation e.V. Espa\u00f1ol","description":"Organizaci\u00f3n de Ayuda Alemana","publisher":{"@id":"https:\/\/humanitasinfo.com\/spanish\/#organization"},"potentialAction":[{"@type":"SearchAction","target":{"@type":"EntryPoint","urlTemplate":"https:\/\/humanitasinfo.com\/spanish\/?s={search_term_string}"},"query-input":{"@type":"PropertyValueSpecification","valueRequired":true,"valueName":"search_term_string"}}],"inLanguage":"es"},{"@type":"Organization","@id":"https:\/\/humanitasinfo.com\/spanish\/#organization","name":"Humanita&#039;s Foundation e.V. Espa\u00f1ol","url":"https:\/\/humanitasinfo.com\/spanish\/","logo":{"@type":"ImageObject","inLanguage":"es","@id":"https:\/\/humanitasinfo.com\/spanish\/#\/schema\/logo\/image\/","url":"https:\/\/humanitasinfo.com\/spanish\/wp-content\/uploads\/sites\/4\/2020\/12\/logo-slogan-espanol-C.png","contentUrl":"https:\/\/humanitasinfo.com\/spanish\/wp-content\/uploads\/sites\/4\/2020\/12\/logo-slogan-espanol-C.png","width":1340,"height":335,"caption":"Humanita&#039;s  Foundation e.V. Espa\u00f1ol"},"image":{"@id":"https:\/\/humanitasinfo.com\/spanish\/#\/schema\/logo\/image\/"}}]}},"_links":{"self":[{"href":"https:\/\/humanitasinfo.com\/spanish\/wp-json\/wp\/v2\/pages\/950","targetHints":{"allow":["GET"]}}],"collection":[{"href":"https:\/\/humanitasinfo.com\/spanish\/wp-json\/wp\/v2\/pages"}],"about":[{"href":"https:\/\/humanitasinfo.com\/spanish\/wp-json\/wp\/v2\/types\/page"}],"author":[{"embeddable":true,"href":"https:\/\/humanitasinfo.com\/spanish\/wp-json\/wp\/v2\/users\/1"}],"replies":[{"embeddable":true,"href":"https:\/\/humanitasinfo.com\/spanish\/wp-json\/wp\/v2\/comments?post=950"}],"version-history":[{"count":20,"href":"https:\/\/humanitasinfo.com\/spanish\/wp-json\/wp\/v2\/pages\/950\/revisions"}],"predecessor-version":[{"id":3270,"href":"https:\/\/humanitasinfo.com\/spanish\/wp-json\/wp\/v2\/pages\/950\/revisions\/3270"}],"wp:attachment":[{"href":"https:\/\/humanitasinfo.com\/spanish\/wp-json\/wp\/v2\/media?parent=950"}],"curies":[{"name":"wp","href":"https:\/\/api.w.org\/{rel}","templated":true}]}}